86660 and 560.
140
What is the highest common factor of 19883 and 138844?
337
Calculate the highest common factor of 9893 and 104.
13
Calculate the highest common divisor of 1080 and 2910.
30
Calculate the highest common divisor of 138756 and 9672.
372
Calculate the greatest common factor of 20240 and 14740.
220
Calculate the highest common divisor of 650 and 103550.
50
Calculate the greatest common factor of 490 and 68020.
10
Calculate the highest common factor of 1809 and 67.
67
What is the greatest common divisor of 4356 and 1516?
4
What is the greatest common divisor of 1307734 and 46?
46
What is the greatest common divisor of 978 and 93236?
326
Calculate the highest common divisor of 563617 and 985.
197
What is the highest common divisor of 442 and 294593?
221
What is the greatest common divisor of 124764 and 1776?
444
Calculate the highest common divisor of 10123225 and 175.
175
What is the highest common divisor of 206 and 177778?
206
Calculate the greatest common divisor of 84186 and 216.
54
What is the greatest common factor of 329 and 206283?
329
Calculate the greatest common divisor of 124806 and 12617.
341
Calculate the highest common factor of 249588 and 3348.
108
Calculate the greatest common factor of 33 and 70939.
11
What is the highest common factor of 340 and 110420?
20
What is the greatest common factor of 703 and 32597?
37
What is the greatest common divisor of 734 and 246?
2
Calculate the highest common factor of 2599 and 3503.
113
Calculate the greatest common divisor of 390 and 35070.
30
Calculate the greatest common factor of 178470 and 108.
54
What is the greatest common divisor of 45448 and 57?
19
What is the highest common factor of 2226 and 30?
6
Calculate the highest common factor of 670 and 5494.
134
Calculate the greatest common divisor of 56 and 1023.
1
Calculate the highest common divisor of 233126 and 41.
41
What is the greatest common divisor of 406 and 26593?
203
Calculate the greatest common divisor of 154 and 63539.
7
What is the highest common factor of 26700 and 150410?
890
Calculate the highest common factor of 211 and 21192629.
211
Calculate the highest common divisor of 104364 and 936.
468
What is the highest common factor of 7280 and 21320?
520
Calculate the highest common divisor of 49 and 161651.
49
Calculate the highest common divisor of 593710 and 1170.
130
Calculate the greatest common factor of 2050244 and 259.
259
What is the greatest common divisor of 9450 and 65800?
350
What is the highest common divisor of 248 and 4830296?
248
Calculate the highest common factor of 2960960 and 95.
95
Calculate the highest common factor of 20 and 27290.
10
Calculate the highest common divisor of 156 and 9750.
78
Calculate the highest common divisor of 1260 and 3015.
45
Calculate the highest common divisor of 359 and 216836.
359
What is the highest common divisor of 48 and 41464?
8
What is the greatest common factor of 19 and 703?
19
What is the greatest common factor of 215592 and 7644?
156
What is the highest common factor of 1427755 and 95?
95
Calculate the highest common divisor of 1632 and 30209.
17
What is the greatest common divisor of 5652 and 588?
12
What is the highest common divisor of 344250 and 680?
170
What is the greatest common divisor of 78 and 16731?
39
Calculate the greatest common divisor of 36 and 12102.
6
Calculate the greatest common divisor of 1197 and 1827.
63
What is the highest common divisor of 866621 and 7?
7
Calculate the greatest common divisor of 2115 and 79195.
235
What is the highest common factor of 8 and 51176?
8
What is the greatest common factor of 942133 and 249?
83
Calculate the greatest common factor of 40 and 47588.
4
Calculate the greatest common factor of 1200290 and 182.
182
What is the highest common divisor of 3536 and 2522?
26
Calculate the highest common divisor of 1250 and 74250.
250
Calculate the greatest common divisor of 507 and 1017.
3
What is the greatest common factor of 131 and 31?
1
Calculate the greatest common factor of 2950 and 543390.
590
What is the highest common factor of 720 and 12090?
30
What is the highest common factor of 14 and 23968?
14
What is the greatest common factor of 8327 and 2981?
11
Calculate the greatest common factor of 17415 and 33024.
129
What is the greatest common factor of 382 and 322599?
191
Calculate the greatest common factor of 21756 and 1591.
37
What is the greatest common divisor of 951863 and 55?
11
Calculate the greatest common divisor of 332 and 1216.
4
What is the highest common factor of 173313 and 27?
27
What is the greatest common divisor of 664 and 3067348?
332
What is the greatest common divisor of 59 and 5526943?
59
Calculate the greatest common divisor of 42 and 14987.
7
Calculate the greatest common divisor of 1280 and 8768.
64
What is the highest common factor of 1225 and 30184?
49
Calculate the greatest common divisor of 167 and 40247.
167
Calculate the highest common divisor of 5253388 and 686.
686
Calculate the greatest common factor of 1488 and 4278.
186
Calculate the greatest common divisor of 34832 and 32.
16
What is the greatest common factor of 2331 and 28?
7
Calculate the greatest common factor of 576656 and 16.
16
What is the highest common factor of 44998 and 5066?
298
Calculate the greatest common divisor of 676 and 39104.
52
Calculate the greatest common factor of 84807 and 54.
27
Calculate the highest common divisor of 295715 and 497.
497
Calculate the highest common factor of 3750 and 4880250.
750
Calculate the highest common factor of 5140 and 50886.
514
Calculate the greatest common factor of 3984327 and 36.
9
What is the greatest common factor of 117936 and 5427?
81
What is the highest common divisor of 2619 and 125421?
291
Calculate the greatest common factor of 1457 and 11139.
47
What is the greatest common divisor of 9 and 8685?
9
What is the highest common factor of 1662 and 7756?
554
Calculate the highest common divisor of 207397 and 314.
157
Calculate the greatest common factor of 252 and 234052.
28
Calculate the greatest common factor of 1668 and 13066.
278
What is the greatest common divisor of 11 and 66077?
11
Calculate the greatest common factor of 827355 and 285.
285
Calculate the greatest common divisor of 22802 and 14898.
26
Calculate the greatest common factor of 8240 and 9682.
206
What is the greatest common divisor of 783 and 4185?
27
Calculate the greatest common divisor of 12084 and 403807.
1007
What is the highest common divisor of 5155 and 20?
5
Calculate the greatest common divisor of 468127 and 11.
11
Calculate the highest common divisor of 209 and 4433.
11
Calculate the highest common factor of 245 and 1282624.
49
What is the greatest common divisor of 60952 and 1976?
152
Calculate the highest common factor of 3129 and 5026.
7
Calculate the greatest common factor of 351265 and 2445.
815
Calculate the greatest common factor of 2818 and 4.
2
What is the greatest common factor of 446 and 138706?
446
What is the greatest common factor of 44000 and 27104?
352
Calculate the greatest common factor of 12376 and 936.
104
Calculate the greatest common divisor of 3477 and 1311.
57
What is the greatest common divisor of 3475 and 22975?
25
What is the highest common factor of 224 and 32228?
28
Calculate the greatest common divisor of 681830 and 4100.
410
Calculate the highest common factor of 39220 and 32966.
106
What is the greatest common factor of 10 and 76850?
10
What is the highest common divisor of 79606 and 106?
106
What is the highest common factor of 994 and 9088?
142
Calculate the greatest common divisor of 54436 and 496.
124
Calculate the greatest common divisor of 328 and 368344.
328
Calculate the highest common divisor of 374864 and 42.
14
Calculate the greatest common divisor of 3225 and 1125.
75
Calculate the greatest common divisor of 45036 and 3892.
556
What is the highest common divisor of 1743 and 63?
21
What is the greatest common divisor of 25 and 75865?
5
Calculate the greatest common factor of 200 and 24300.
100
What is the highest common divisor of 1126 and 1345007?
563
Calculate the highest common factor of 475 and 200.
25
Calculate the highest common divisor of 143290 and 9982.
322
Calculate the greatest common factor of 26 and 98254.
26
Calculate